- -34. Let l(a) = 4*a - a - 10 + u. Give l(i).
8
Let o(d) = d**3 - 2*d**2 - 2*d - 4. Let p be o(3). Let v(w) = 11*w + 1. Let j(f) = -10*f - 1. Let u(z) = -3*j(z) - 2*v(z). Give u(p).
-7
Let j be (-390)/(-52)*(-3)/(45/(-12)). Let l(x) be the second derivative of x**4/12 - 2*x**3/3 - 4*x**2 - 5*x. What is l(j)?
4
Let j(q) = 3*q. Let h be ((-2)/5)/(2/10). Let g be j(h). Let w(r) = -r**3 - 6 + 5*r**3 - 6*r**2 - 4*r**3 + 0 - r**3. Give w(g).
-6
Let u(b) be the third derivative of -b**5/60 + b**4/12 + 2*b**3/3 - 323*b**2. Determine u(-3).
-11
Let s(t) = t**3 + 4*t**2 + t - 3. Let m = 2 - -19. Let o = m + -9. Suppose -o = 5*u - 2*u, -p + u = -1. Give s(p).
3
Let n = -31 - -32. Let t(u) = 12*u - 1. Let v(r) be the third derivative of 13*r**4/24 - r**3/6 + 10*r**2. Let s(b) = 5*t(b) - 4*v(b). What is s(n)?
7
Let t(p) = -p**3 - 5*p**2 + 5*p + 3. Let z be 2 - -2*20/8. Let s be -3 - 4*z/2. Let q = s - -11. Determine t(q).
9
Let v(o) = -o**2 + 12*o + 2. Suppose -3*t + 3*d + 18 = 0, -51*t + 47*t = -5*d - 19. Determine v(t).
13
Let a be 10*(-1)/(-2) + (-36)/12. Let z(s) be the first derivative of s - 1/3*s**3 + s**a - 5. Calculate z(-3).
-14
Suppose 3*d + 3*d = 0. Suppose -2*w - p + 2*p + 10 = d, w + p = 8. Let l(i) = i - 3. Calculate l(w).
3
Let h(d) = -8*d**3 + d. Suppose -2*k - 8 = 0, -i - k = -2*k - 5. Let s(y) = -2*y - 2. Let r be s(2). Let x be (-15)/(-18) - i/r. Calculate h(x).
-7
Suppose 0 + 3 = -3*s. Let p(r) = -12883*r**2 - 2 - r**3 + 2*r + 3 + 12885*r**2. What is p(s)?
2
Suppose -15*x - 8 = 52. Let j(q) be the first derivative of q**4/4 + 4*q**3/3 - q**2 + 2*q + 5. Give j(x).
10
Suppose 0 = -3*k - 3*q + 3, 0 = -5*k + 6*k + 4*q - 16. Let y(z) = -z**2 - 5*z - 10. What is y(k)?
-6
Let w(h) = -227*h + 112*h + 4 + 114*h. Suppose -23 + 3 = -4*j. What is w(j)?
-1
Let l(s) be the first derivative of s**2 + 12*s - 183. What is l(-8)?
-4
Let d(q) = 4*q**3 + 2*q**2 - q - 2. Let a(k) be the first derivative of -5*k**4/4 - k**3 + k**2 + 3*k - 10. Let b(r) = -5*a(r) - 6*d(r). Give b(-3).
9
Suppose n = 2*n + 1. Let m(w) = 14*w**3 - w**2 + 3*w. Let k(o) = -o**3 - o. Let z be 16/6 + 19/57. Let l(b) = z*k(b) + m(b). Determine l(n).
-12
Let b(n) be the third derivative of -n**6/120 - n**5/6 - 11*n**4/24 - n**3 + n**2 + 33. Calculate b(-9).
12
Let q(u) be the second derivative of u**3/6 + 3*u**2/2 + 3*u - 6. Determine q(4).
7
Let h be (-8)/((-128)/56) + 1/2. Let y(c) = 2*c + 1. Determine y(h).
9
Let q(g) = g + 1. Let t(j) = 0 - j**2 + 3 + 0. Let n(v) = 5*q(v) - t(v). Let u = 9 - 13. Give n(u).
-2
Let d be (-498)/(-18) - 1/(-3). Suppose u + 3*u = -d. Let c be (u - 0) + -3 + 4. Let j(o) = -2*o - 9. What is j(c)?
3
Let z be 9/((-60)/(-8) + -9). Let d(r) = r - 4. Give d(z).
-10
Let t(k) = 4*k + 3. Let f be (-7)/(3/(-9)*-3). Let v be f + 5 + (-1)/(0 + 1). What is t(v)?
-9
Let g = -85 - -88. Suppose 3 - g = -r. Let h(b) = -b**2 - b + 8. What is h(r)?
8
Let h = 564 + -571. Let a(f) = -3*f + 5. Give a(h).
26
Let r(z) = z**3 + 15 + 4*z**2 + 198*z - 182*z + 0*z**3 + 10*z**2 + 0*z**3. What is r(-13)?
-24
Let p(i) = -i**3 + 4*i**2 - i - 1. Suppose 85 = -6*a + 11*a. Suppose -3*h = m - a, -5*h + 2 = -4*m - 15. Suppose -m*s = -0 - 6. Determine p(s).
5
Let a(k) = -5*k**2 - k. Let y be 18/(-72) - 59/4. Let v = y + 16. What is a(v)?
-6
Let f(l) = -l - 20. Let k(u) = u + 22. Let r(t) = 4*f(t) + 3*k(t). What is r(-8)?
-6
Let a be -1 + 7 - (-11 + 13). Let d be (1 - 0/a)*3. Suppose -3*w + 6 = 3*u, 0 = -4*w + 6*u - d*u + 8. Let f(x) = -6*x - 2. Give f(w).
-14
Let r(l) = l - 25*l**2 + 6*l + 14*l**2 + l**3 - 14 - 3*l. Give r(11).
30
Let f(p) = -p**3 + 4*p**2 - 1. Let r be (3 - 27/12)*4. Calculate f(r).
8
Let m(u) = -16*u + 5*u + 1 + u**2 + 1 + 0*u**2. Suppose -6*n - 6 = -i - 10*n, -3*i + 34 = -4*n. Calculate m(i).
-8
Let n(q) = 3*q**2 - 44*q - 4 - 3 + 1 + 39*q - 2*q**2. What is n(7)?
8
Let u(o) = -1 - 31 - 21*o**2 + o**3 + 12 + 21*o. Calculate u(20).
0
Let o(p) = 7*p**2. Let c(h) = -27*h**2. Let i(l) = 2*c(l) + 9*o(l). Calculate i(-1).
9
Let m be (6/(-8))/(9/(-24)). Let r(o) = 11*o - 9 + 461*o**3 - 9*o**2 - 460*o**3 - m*o. Determine r(8).
-1
Let k(c) = -4*c. Let n(t) = 4*t**2 - 3*t - 2. Let m = 2 - -1. Let i be n(m). Suppose -4*o = -g + 17, 0*o = 5*g - 5*o - i. Determine k(g).
-4
Let a = 15 - 20. Let c be (-15)/9*(1 - 4). Let z(h) = 3*h**3 - 5*h**3 + c + 3*h**3 - h + 3*h + 5*h**2. Determine z(a).
-5
Suppose 5*n - 28 = 12. Suppose 3*w - n = w. Suppose -w*b + 10 = 3*c - 9, 6 = 2*c + b. Let a(q) = -3*q + 1. What is a(c)?
-2
Let w(q) = -1 + 11*q - 5 - 8*q + 3. Calculate w(3).
6
Let x = -1 + 1. Let u(p) be the first derivative of -p**3/3 - p**2/2 - 11*p - 25. Give u(x).
-11
Let s be 16/(-3)*15/(-10) - 4. Let m(c) = -2*c**2 - c**2 + 5 - 3 + c**3 - 4 - 2*c. Calculate m(s).
6
Let v(g) be the first derivative of 783*g**2 - 4*g - 394*g**2 + 23 - 388*g**2. Give v(3).
2
Let i(b) = -6*b**2 - 4*b**3 + 3 + 106*b + 5*b**3 - 113*b. Let g(q) = -q + 2. Let p = 12 - 17. Let j be g(p). Calculate i(j).
3
Suppose 4*l = -5*p + 6, -12*l - 9 = -2*p - 7*l. Let u(o) be the first derivative of 2/3*o**3 + 1 + 1/2*o**2 + 0*o. Determine u(p).
10
Let s(h) be the third derivative of h**8/6720 + h**7/630 - h**6/144 - h**5/120 + h**4/4 + 3*h**2. Let n(o) be the second derivative of s(o). What is n(-5)?
-1
Let i(m) = 4*m. Let w = 11 - 12. Let t = w - -4. Let h be -4 + -2*(-3)/t. Give i(h).
-8
Let y(v) = -6*v - 4. Let t be y(-1). Suppose 3 = -q + t*k, -9 = -q - 0*k - k. Let o(x) = 3*x - 4*x - 6 + 2*x. What is o(q)?
-1
Let r(z) = 7 + 6649*z + 7 - 6650*z. What is r(7)?
7
Let f(d) be the second derivative of -d**4/12 - 4*d**3/3 + 4*d**2 - 15*d. Give f(-10).
-12
Let v(c) be the second derivative of c**4/12 + 5*c**3/6 + 9*c**2/2 - 321*c - 2. Give v(-2).
3
Let y(w) = -w**3 - 3*w**2 + 3. Let x be y(-3). Let m(b) = -5 + 5 + 3*b - 3 - 9 + 10. What is m(x)?
7
Let s(r) = -r**3 + 5*r**2 - 5*r + 6. Suppose 3*u - 6*u - 27 = 0. Let j = u + 4. Let o = j - -9. Calculate s(o).
2
Let m(d) = 87*d + 88*d + 79*d + 80*d - 333*d. Let r be 2/7 + (-52)/(-14). Determine m(r).
4
Let z(w) be the first derivative of 4*w**3/3 + 3*w**2/2 + w + 1. Let s(n) = n**3 + 10*n**2 - 2*n - 2. Let r be s(-10). Let o be 1*(r/(-3) - -4). Calculate z(o).
11
Let q(s) = -s**3 + 6*s**2 - 5*s - 3. Let c be (-1)/(((-20)/(-96))/(-5)) - 2. Let m = c - 17. Calculate q(m).
-3
Suppose 0*o + 14 = 2*o. Suppose 3*l = -3*j - 3, -2*j + 4*j - o = l. Let z(i) = 3*i - 2. Let p be z(j). Let t(v) = -2*v + 3. What is t(p)?
-5
Suppose -2*j - 3*o - 8 = 0, 2*j + 8 = -2*o + 4. Let z(v) = -6*v**2 + 3*v - 2. Give z(j).
-20
Let y(m) = -2 - 4 + 5 + m + 0*m. Let v(a) = -a**2 - 6. Let i be v(0). Determine y(i).
-7
Suppose v + 4*l = -22, 3*v - 4 = -0*v + 2*l. Let k = 7 - v. Let n(r) be the second derivative of -r**3/3 + 6*r**2 + 35*r. What is n(k)?
-6
Let f(x) = -7*x - 11. Let w = -11 - -24. Let z(d) be the first derivative of 15*d**2/2 + 23*d - 4. Let u(p) = w*f(p) + 6*z(p). Give u(0).
-5
Suppose 0 = 3*n + 2*u + 4, 4*n = -2*u + 3*u + 13. Let k(w) be the second derivative of -2*w**3/3 + w**2/2 - 3*w + 1248. Give k(n).
-7
Let m(f) be the second derivative of -f**4/6 - 5*f**3/6 + 5*f**2/2 + 17*f. Calculate m(-5).
-20
Let k(n) be the second derivative of n**3/3 - 2*n - 2. Determine k(-2).
-4
Let r(a) = 7*a**2 + 5*a. Let k(h) = -5*h**2 - 7*h. Let q(l) = 2*k(l) + 3*r(l). Calculate q(-1).
10
Let y(r) be the first derivative of -r**3/3 - 4*r**2 - 4*r + 50. Let h(q) = q**3 + 7*q**2 + 2*q + 10. Let i be h(-7). Give y(i).
12
Let z(x) be the third derivative of 0*x + 1/60*x**5 - 1/24*x**4 + 0 - 2*x**2 - 1/2*x**3. Give z(0).
-3
Let q(d) = -4*d - 101. Let r(j) = 2*j + 50. Let x(f) = -4*q(f) - 9*r(f). Let u be x(-26). Let l(h) = -h**2 + 4*h + 8. Determine l(u).
-4
Suppose x = -4*f + 19, -3*x - f + 2 + 0 = 0. Suppose -p - 3*n = -3*p + 254, -4*n = 16. Let s(c) = p - 121 + 5*c. Calculate s(x).
-5
Let n(y) = y + 11. Let p be n(-7). Suppose p = 4*m - 8. Let u(f) = -8*f**2 + 7*f + 7. Let i(g) = 5*g**2 - 4*g - 4. Let b(j) = -5*i(j) - 3*u(j). What is b(m)?
-13
Let k(t) = 3*t**3 - 2*t - 1. Let r = -25 + 12. Let p = 9 + r. Let b be -1 + p + 9 + -5. Determine k(b).
-2
Let v(u) = -16*u - 6. Let l(x) = -7*x - 2. Let q(d) = 7*l(d) - 3*v(d). Determine q(11).
-7
Let t(z) = 34*z**2 + 33*z**2 + 3 + 0 - 95*z**2 + z**3 + 34*z**2 + z.